{"id":90,"date":"2016-06-13T17:28:11","date_gmt":"2016-06-13T15:28:11","guid":{"rendered":"http:\/\/new.antiaging-laatzen.de\/?page_id=90"},"modified":"2023-05-10T12:33:40","modified_gmt":"2023-05-10T10:33:40","slug":"hautlifting","status":"publish","type":"page","link":"https:\/\/www.antiaging-laatzen.de\/index.php\/hautlifting\/","title":{"rendered":"Hautverj\u00fcngung"},"content":{"rendered":"<p>[et_pb_section fb_built=&#8220;1&#8243; fullwidth=&#8220;on&#8220; custom_padding_last_edited=&#8220;on|desktop&#8220; disabled_on=&#8220;on||&#8220; admin_label=&#8220;section&#8220; _builder_version=&#8220;4.16&#8243; background_color=&#8220;#ffffff&#8220; custom_padding_tablet=&#8220;50px|0|50px|0&#8243; custom_padding_phone=&#8220;&#8220; transparent_background=&#8220;off&#8220; padding_mobile=&#8220;off&#8220; make_fullwidth=&#8220;off&#8220; use_custom_width=&#8220;off&#8220; width_unit=&#8220;on&#8220; global_colors_info=&#8220;{}&#8220;][et_pb_fullwidth_slider admin_label=&#8220;Fullwidth Slider&#8220; _builder_version=&#8220;4.20.4&#8243; custom_padding=&#8220;|||&#8220; custom_padding_tablet=&#8220;|||&#8220; custom_padding_phone=&#8220;|||&#8220; auto=&#8220;on&#8220; box_shadow_style=&#8220;preset6&#8243; box_shadow_blur=&#8220;10px&#8220; box_shadow_color=&#8220;rgba(0,0,0,0.1)&#8220; remove_inner_shadow=&#8220;off&#8220; hide_content_on_mobile=&#8220;off&#8220; hide_cta_on_mobile=&#8220;off&#8220; show_inner_shadow=&#8220;on&#8220; button_letter_spacing_hover=&#8220;0&#8243; global_colors_info=&#8220;{}&#8220; button_text_size__hover_enabled=&#8220;off&#8220; button_one_text_size__hover_enabled=&#8220;off&#8220; button_two_text_size__hover_enabled=&#8220;off&#8220; button_text_color__hover_enabled=&#8220;off&#8220; button_one_text_color__hover_enabled=&#8220;off&#8220; button_two_text_color__hover_enabled=&#8220;off&#8220; button_border_width__hover_enabled=&#8220;off&#8220; button_one_border_width__hover_enabled=&#8220;off&#8220; button_two_border_width__hover_enabled=&#8220;off&#8220; button_border_color__hover_enabled=&#8220;off&#8220; button_one_border_color__hover_enabled=&#8220;off&#8220; button_two_border_color__hover_enabled=&#8220;off&#8220; button_border_radius__hover_enabled=&#8220;off&#8220; button_one_border_radius__hover_enabled=&#8220;off&#8220; button_two_border_radius__hover_enabled=&#8220;off&#8220; button_letter_spacing__hover_enabled=&#8220;on&#8220; button_letter_spacing__hover=&#8220;0&#8243; button_one_letter_spacing__hover_enabled=&#8220;off&#8220; button_two_letter_spacing__hover_enabled=&#8220;off&#8220; button_bg_color__hover_enabled=&#8220;off&#8220; button_one_bg_color__hover_enabled=&#8220;off&#8220; button_two_bg_color__hover_enabled=&#8220;off&#8220;][et_pb_slide heading=&#8220;Hautverj\u00fcngung&#8220; use_bg_overlay=&#8220;off&#8220; use_text_overlay=&#8220;off&#8220; _builder_version=&#8220;4.20.4&#8243; header_font=&#8220;Roboto Light||||&#8220; header_font_size=&#8220;80&#8243; body_font=&#8220;||||&#8220; background_color=&#8220;#ffffff&#8220; background_image=&#8220;http:\/\/www.antiaging-laatzen.de\/wp-content\/uploads\/2017\/07\/hautlifting1.jpg&#8220; background_enable_image=&#8220;on&#8220; button_icon_placement=&#8220;right&#8220; button_on_hover=&#8220;on&#8220; header_font_size_tablet=&#8220;60&#8243; header_font_size_phone=&#8220;60&#8243; global_colors_info=&#8220;{}&#8220; button_text_size__hover_enabled=&#8220;off&#8220; button_one_text_size__hover_enabled=&#8220;off&#8220; button_two_text_size__hover_enabled=&#8220;off&#8220; button_text_color__hover_enabled=&#8220;off&#8220; button_one_text_color__hover_enabled=&#8220;off&#8220; button_two_text_color__hover_enabled=&#8220;off&#8220; button_border_width__hover_enabled=&#8220;off&#8220; button_one_border_width__hover_enabled=&#8220;off&#8220; button_two_border_width__hover_enabled=&#8220;off&#8220; button_border_color__hover_enabled=&#8220;off&#8220; button_one_border_color__hover_enabled=&#8220;off&#8220; button_two_border_color__hover_enabled=&#8220;off&#8220; button_border_radius__hover_enabled=&#8220;off&#8220; button_one_border_radius__hover_enabled=&#8220;off&#8220; button_two_border_radius__hover_enabled=&#8220;off&#8220; button_letter_spacing__hover_enabled=&#8220;off&#8220; button_one_letter_spacing__hover_enabled=&#8220;off&#8220; button_two_letter_spacing__hover_enabled=&#8220;off&#8220; button_bg_color__hover_enabled=&#8220;off&#8220; button_one_bg_color__hover_enabled=&#8220;off&#8220; button_two_bg_color__hover_enabled=&#8220;off&#8220; sticky_transition=&#8220;on&#8220;]<\/p>\n<p style=\"text-align: center;\">Mesotherapie \/\u00a0Microneedling oder Lasertherapie<\/p>\n<p>[\/et_pb_slide][et_pb_slide heading=&#8220;Spuren der Hautalterung reduzieren&#8220; use_bg_overlay=&#8220;off&#8220; use_text_overlay=&#8220;off&#8220; _builder_version=&#8220;4.20.4&#8243; header_font=&#8220;Roboto Light||||&#8220; header_font_size=&#8220;60&#8243; body_font=&#8220;||||&#8220; background_color=&#8220;#ffffff&#8220; background_image=&#8220;http:\/\/www.antiaging-laatzen.de\/wp-content\/uploads\/2017\/07\/was-ist-antiaging.jpg&#8220; background_enable_image=&#8220;on&#8220; button_icon_placement=&#8220;right&#8220; button_on_hover=&#8220;on&#8220; header_font_size_tablet=&#8220;60&#8243; header_font_size_phone=&#8220;60&#8243; global_colors_info=&#8220;{}&#8220; button_text_size__hover_enabled=&#8220;off&#8220; button_one_text_size__hover_enabled=&#8220;off&#8220; button_two_text_size__hover_enabled=&#8220;off&#8220; button_text_color__hover_enabled=&#8220;off&#8220; button_one_text_color__hover_enabled=&#8220;off&#8220; button_two_text_color__hover_enabled=&#8220;off&#8220; button_border_width__hover_enabled=&#8220;off&#8220; button_one_border_width__hover_enabled=&#8220;off&#8220; button_two_border_width__hover_enabled=&#8220;off&#8220; button_border_color__hover_enabled=&#8220;off&#8220; button_one_border_color__hover_enabled=&#8220;off&#8220; button_two_border_color__hover_enabled=&#8220;off&#8220; button_border_radius__hover_enabled=&#8220;off&#8220; button_one_border_radius__hover_enabled=&#8220;off&#8220; button_two_border_radius__hover_enabled=&#8220;off&#8220; button_letter_spacing__hover_enabled=&#8220;off&#8220; button_one_letter_spacing__hover_enabled=&#8220;off&#8220; button_two_letter_spacing__hover_enabled=&#8220;off&#8220; button_bg_color__hover_enabled=&#8220;off&#8220; button_one_bg_color__hover_enabled=&#8220;off&#8220; button_two_bg_color__hover_enabled=&#8220;off&#8220; sticky_transition=&#8220;on&#8220;][\/et_pb_slide][\/et_pb_fullwidth_slider][\/et_pb_section][et_pb_section fb_built=&#8220;1&#8243; _builder_version=&#8220;4.16&#8243; global_colors_info=&#8220;{}&#8220;][et_pb_row column_structure=&#8220;1_3,1_3,1_3&#8243; _builder_version=&#8220;4.16&#8243; background_size=&#8220;initial&#8220; background_position=&#8220;top_left&#8220; background_repeat=&#8220;repeat&#8220; global_colors_info=&#8220;{}&#8220;][et_pb_column type=&#8220;1_3&#8243; _builder_version=&#8220;4.16&#8243; custom_padding=&#8220;|||&#8220; global_colors_info=&#8220;{}&#8220; custom_padding__hover=&#8220;|||&#8220;][et_pb_image src=&#8220;http:\/\/www.antiaging-laatzen.de\/wp-content\/uploads\/2017\/07\/mesotherapie.jpg&#8220; title_text=&#8220;mesotherapie&#8220; url=&#8220;https:\/\/www.antiaging-laatzen.de\/index.php\/mesotherapie\/&#8220; use_overlay=&#8220;on&#8220; hover_overlay_color=&#8220;rgba(255,255,255,0.2)&#8220; hover_icon=&#8220;&#xe03c;||divi||400&#8243; align=&#8220;center&#8220; align_tablet=&#8220;center&#8220; align_phone=&#8220;center&#8220; align_last_edited=&#8220;on|desktop&#8220; admin_label=&#8220;Image&#8220; _builder_version=&#8220;4.20.4&#8243; max_width=&#8220;400px&#8220; animation_style=&#8220;slide&#8220; animation_direction=&#8220;top&#8220; animation_duration=&#8220;500ms&#8220; animation_intensity_slide=&#8220;10%&#8220; border_width_all=&#8220;1px&#8220; border_color_all=&#8220;#0C71C3&#8243; border_style_all=&#8220;solid&#8220; box_shadow_style=&#8220;preset3&#8243; animation=&#8220;top&#8220; sticky=&#8220;off&#8220; use_border_color=&#8220;on&#8220; border_color=&#8220;#bfbfbf&#8220; border_style=&#8220;solid&#8220; always_center_on_mobile=&#8220;on&#8220; global_colors_info=&#8220;{}&#8220;]&nbsp;<br \/>\n[\/et_pb_image][et_pb_blurb title=&#8220;Mesotherapie \/ Microneedling&#8220; url=&#8220;http:\/\/new.antiaging-laatzen.de\/index.php\/mesotherapie&#8220; image_icon_width=&#8220;none&#8220; _builder_version=&#8220;4.16&#8243; header_font=&#8220;Roboto||||&#8220; background_size=&#8220;initial&#8220; background_position=&#8220;top_left&#8220; background_repeat=&#8220;repeat&#8220; text_orientation=&#8220;center&#8220; use_border_color=&#8220;off&#8220; border_color=&#8220;#ffffff&#8220; border_style=&#8220;solid&#8220; image_max_width=&#8220;none&#8220; use_circle=&#8220;off&#8220; use_circle_border=&#8220;off&#8220; circle_border_color=&#8220;#7EBEC5&#8243; circle_color=&#8220;#7EBEC5&#8243; global_colors_info=&#8220;{}&#8220;]<\/p>\n<p style=\"text-align: center;\">Nat\u00fcrliches Hautlifting f\u00fcr Gesicht<br \/>\nund K\u00f6rper durch\u00a0Mesotherapie.<\/p>\n<p>[\/et_pb_blurb][\/et_pb_column][et_pb_column type=&#8220;1_3&#8243; _builder_version=&#8220;4.16&#8243; custom_padding=&#8220;|||&#8220; global_colors_info=&#8220;{}&#8220; custom_padding__hover=&#8220;|||&#8220;][et_pb_image src=&#8220;http:\/\/www.antiaging-laatzen.de\/wp-content\/uploads\/2017\/07\/laserbehandlung.jpg&#8220; title_text=&#8220;laserbehandlung&#8220; url=&#8220;https:\/\/www.antiaging-laatzen.de\/index.php\/lasertherapie\/&#8220; use_overlay=&#8220;on&#8220; hover_overlay_color=&#8220;rgba(255,255,255,0.2)&#8220; hover_icon=&#8220;&#xe03c;||divi||400&#8243; align=&#8220;center&#8220; align_tablet=&#8220;center&#8220; align_phone=&#8220;center&#8220; align_last_edited=&#8220;on|desktop&#8220; admin_label=&#8220;Image&#8220; _builder_version=&#8220;4.20.4&#8243; max_width=&#8220;400px&#8220; animation_style=&#8220;slide&#8220; animation_direction=&#8220;top&#8220; animation_duration=&#8220;500ms&#8220; animation_intensity_slide=&#8220;10%&#8220; border_width_all=&#8220;1px&#8220; border_color_all=&#8220;#0C71C3&#8243; border_style_all=&#8220;solid&#8220; box_shadow_style=&#8220;preset3&#8243; animation=&#8220;top&#8220; sticky=&#8220;off&#8220; use_border_color=&#8220;on&#8220; border_color=&#8220;#bfbfbf&#8220; border_style=&#8220;solid&#8220; always_center_on_mobile=&#8220;on&#8220; global_colors_info=&#8220;{}&#8220;]&nbsp;<br \/>\n[\/et_pb_image][et_pb_blurb title=&#8220;Laserbehandlung&#8220; url=&#8220;http:\/\/new.antiaging-laatzen.de\/index.php\/lasertherapie\/&#8220; image_icon_width=&#8220;none&#8220; _builder_version=&#8220;4.16&#8243; header_font=&#8220;Roboto||||&#8220; background_size=&#8220;initial&#8220; background_position=&#8220;top_left&#8220; background_repeat=&#8220;repeat&#8220; text_orientation=&#8220;center&#8220; use_border_color=&#8220;off&#8220; border_color=&#8220;#ffffff&#8220; border_style=&#8220;solid&#8220; image_max_width=&#8220;none&#8220; use_circle=&#8220;off&#8220; use_circle_border=&#8220;off&#8220; circle_border_color=&#8220;#7EBEC5&#8243; circle_color=&#8220;#7EBEC5&#8243; global_colors_info=&#8220;{}&#8220;]<\/p>\n<p style=\"text-align: center;\">Die sanfte Therapie<br \/>\nwenn sich Ihre Haut ver\u00e4ndert hat.<\/p>\n<p>[\/et_pb_blurb][\/et_pb_column][et_pb_column type=&#8220;1_3&#8243; _builder_version=&#8220;4.16&#8243; custom_padding=&#8220;|||&#8220; global_colors_info=&#8220;{}&#8220; custom_padding__hover=&#8220;|||&#8220;][et_pb_image src=&#8220;http:\/\/www.antiaging-laatzen.de\/wp-content\/uploads\/2016\/06\/carboxytherapie.jpg&#8220; title_text=&#8220;carboxytherapie&#8220; url=&#8220;https:\/\/www.antiaging-laatzen.de\/index.php\/carboxytherapie\/&#8220; use_overlay=&#8220;on&#8220; hover_overlay_color=&#8220;rgba(255,255,255,0.2)&#8220; hover_icon=&#8220;&#xe03c;||divi||400&#8243; align=&#8220;center&#8220; align_tablet=&#8220;center&#8220; align_phone=&#8220;center&#8220; align_last_edited=&#8220;on|desktop&#8220; admin_label=&#8220;Image&#8220; _builder_version=&#8220;4.20.4&#8243; max_width=&#8220;400px&#8220; animation_style=&#8220;slide&#8220; animation_direction=&#8220;top&#8220; animation_duration=&#8220;500ms&#8220; animation_intensity_slide=&#8220;10%&#8220; border_width_all=&#8220;1px&#8220; border_color_all=&#8220;#0C71C3&#8243; border_style_all=&#8220;solid&#8220; box_shadow_style=&#8220;preset3&#8243; animation=&#8220;top&#8220; sticky=&#8220;off&#8220; use_border_color=&#8220;on&#8220; border_color=&#8220;#bfbfbf&#8220; border_style=&#8220;solid&#8220; always_center_on_mobile=&#8220;on&#8220; global_colors_info=&#8220;{}&#8220;]&nbsp;<br \/>\n[\/et_pb_image][et_pb_blurb title=&#8220;Carboxytherapie&#8220; url=&#8220;http:\/\/www.antiaging-laatzen.de\/index.php\/carboxytherapie\/&#8220; image_icon_width=&#8220;none&#8220; _builder_version=&#8220;4.16&#8243; header_font=&#8220;Roboto||||&#8220; background_size=&#8220;initial&#8220; background_position=&#8220;top_left&#8220; background_repeat=&#8220;repeat&#8220; text_orientation=&#8220;center&#8220; use_border_color=&#8220;off&#8220; border_color=&#8220;#ffffff&#8220; border_style=&#8220;solid&#8220; image_max_width=&#8220;none&#8220; use_circle=&#8220;off&#8220; use_circle_border=&#8220;off&#8220; circle_border_color=&#8220;#7EBEC5&#8243; circle_color=&#8220;#7EBEC5&#8243; global_colors_info=&#8220;{}&#8220;]<\/p>\n<p style=\"text-align: center;\">Hautverj\u00fcngung ohne Schmerz<\/p>\n<p>[\/et_pb_blurb][\/et_pb_column][\/et_pb_row][\/et_pb_section][et_pb_section fb_built=&#8220;1&#8243; fullwidth=&#8220;on&#8220; _builder_version=&#8220;4.20.4&#8243; custom_padding=&#8220;0px||0px||false|false&#8220; global_module=&#8220;732&#8243; global_colors_info=&#8220;{}&#8220;][et_pb_fullwidth_slider _builder_version=&#8220;4.20.4&#8243; header_font=&#8220;Roboto Light||||&#8220; body_font=&#8220;Roboto Condensed||||&#8220; body_font_size=&#8220;34&#8243; background_position=&#8220;top_left&#8220; custom_padding=&#8220;|||&#8220; global_colors_info=&#8220;{}&#8220; button_text_size__hover_enabled=&#8220;off&#8220; button_one_text_size__hover_enabled=&#8220;off&#8220; button_two_text_size__hover_enabled=&#8220;off&#8220; button_text_color__hover_enabled=&#8220;off&#8220; button_one_text_color__hover_enabled=&#8220;off&#8220; button_two_text_color__hover_enabled=&#8220;off&#8220; button_border_width__hover_enabled=&#8220;off&#8220; button_one_border_width__hover_enabled=&#8220;off&#8220; button_two_border_width__hover_enabled=&#8220;off&#8220; button_border_color__hover_enabled=&#8220;off&#8220; button_one_border_color__hover_enabled=&#8220;off&#8220; button_two_border_color__hover_enabled=&#8220;off&#8220; button_border_radius__hover_enabled=&#8220;off&#8220; button_one_border_radius__hover_enabled=&#8220;off&#8220; button_two_border_radius__hover_enabled=&#8220;off&#8220; button_letter_spacing__hover_enabled=&#8220;off&#8220; button_one_letter_spacing__hover_enabled=&#8220;off&#8220; button_two_letter_spacing__hover_enabled=&#8220;off&#8220; button_bg_color__hover_enabled=&#8220;off&#8220; button_one_bg_color__hover_enabled=&#8220;off&#8220; button_two_bg_color__hover_enabled=&#8220;off&#8220;][et_pb_slide heading=&#8220;Machen Sie jetzt ein Termin!&#8220; button_text=&#8220;oder f\u00fcllen sie unser Kontaktformular aus&#8230;&#8220; button_link=&#8220;https:\/\/www.antiaging-laatzen.de\/index.php\/kontakt\/&#8220; use_bg_overlay=&#8220;off&#8220; use_text_overlay=&#8220;off&#8220; _builder_version=&#8220;4.20.4&#8243; header_font=&#8220;||||&#8220; body_font=&#8220;||||&#8220; background_position=&#8220;top_left&#8220; button_on_hover=&#8220;on&#8220; custom_padding=&#8220;113px||205px||false|false&#8220; custom_padding_tablet=&#8220;||16px||false|false&#8220; custom_padding_phone=&#8220;20px||20px||false|false&#8220; custom_padding_last_edited=&#8220;on|desktop&#8220; global_colors_info=&#8220;{}&#8220; button_text_size__hover_enabled=&#8220;off&#8220; button_one_text_size__hover_enabled=&#8220;off&#8220; button_two_text_size__hover_enabled=&#8220;off&#8220; button_text_color__hover_enabled=&#8220;off&#8220; button_one_text_color__hover_enabled=&#8220;off&#8220; button_two_text_color__hover_enabled=&#8220;off&#8220; button_border_width__hover_enabled=&#8220;off&#8220; button_one_border_width__hover_enabled=&#8220;off&#8220; button_two_border_width__hover_enabled=&#8220;off&#8220; button_border_color__hover_enabled=&#8220;off&#8220; button_one_border_color__hover_enabled=&#8220;off&#8220; button_two_border_color__hover_enabled=&#8220;off&#8220; button_border_radius__hover_enabled=&#8220;off&#8220; button_one_border_radius__hover_enabled=&#8220;off&#8220; button_two_border_radius__hover_enabled=&#8220;off&#8220; button_letter_spacing__hover_enabled=&#8220;off&#8220; button_one_letter_spacing__hover_enabled=&#8220;off&#8220; button_two_letter_spacing__hover_enabled=&#8220;off&#8220; button_bg_color__hover_enabled=&#8220;off&#8220; button_one_bg_color__hover_enabled=&#8220;off&#8220; button_two_bg_color__hover_enabled=&#8220;off&#8220; sticky_transition=&#8220;on&#8220;]<\/p>\n<h3 align=\"center\"><strong><span class=\"headline-klein\">Tel: 05102 931 888<\/span><\/strong><\/h3>\n<p>[\/et_pb_slide][\/et_pb_fullwidth_slider][\/et_pb_section][et_pb_section fb_built=&#8220;1&#8243; _builder_version=&#8220;4.16&#8243; global_colors_info=&#8220;{}&#8220;][et_pb_row _builder_version=&#8220;4.16&#8243; background_size=&#8220;initial&#8220; background_position=&#8220;top_left&#8220; background_repeat=&#8220;repeat&#8220; global_colors_info=&#8220;{}&#8220;][et_pb_column type=&#8220;4_4&#8243; _builder_version=&#8220;4.16&#8243; custom_padding=&#8220;|||&#8220; global_colors_info=&#8220;{}&#8220; custom_padding__hover=&#8220;|||&#8220;][et_pb_text _builder_version=&#8220;4.16&#8243; text_font_size=&#8220;12&#8243; background_size=&#8220;initial&#8220; background_position=&#8220;top_left&#8220; background_repeat=&#8220;repeat&#8220; use_border_color=&#8220;off&#8220; border_color=&#8220;#ffffff&#8220; border_style=&#8220;solid&#8220; global_colors_info=&#8220;{}&#8220;]<\/p>\n<h4 style=\"text-align: center;\">Stichworte zu Anti-Aging und Sch\u00f6nheits-Medizin<\/h4>\n<p style=\"text-align: center;\"><a href=\"http:\/\/www.antiaging-laatzen.de\/index.php\/tag\/falten-entfernen-gesicht\/\">Faltenbehandlung<\/a>, <a href=\"http:\/\/www.antiaging-laatzen.de\/index.php\/tag\/falten-entfernen-gesicht\/\">Zornesfalten<\/a>, <a href=\"http:\/\/www.antiaging-laatzen.de\/index.php\/tag\/falten-entfernen-gesicht\/\">Stirnfalten<\/a>, <a href=\"http:\/\/www.antiaging-laatzen.de\/index.php\/tag\/falten-entfernen-gesicht\/\">Peeling<\/a>, <a href=\"http:\/\/www.antiaging-laatzen.de\/index.php\/tag\/falten-entfernen-gesicht\/\">Hyalurons\u00e4ure<\/a>, <a href=\"http:\/\/www.antiaging-laatzen.de\/index.php\/tag\/falten-entfernen-gesicht\/\">Botulinumtoxin<\/a>, <a href=\"http:\/\/www.antiaging-laatzen.de\/index.php\/tag\/falten-entfernen-gesicht\/\">Ohrl\u00e4ppchen<\/a>, <a href=\"http:\/\/www.antiaging-laatzen.de\/index.php\/tag\/falten-entfernen-gesicht\/\">Nasenr\u00fccken<\/a>, <a href=\"http:\/\/www.antiaging-laatzen.de\/index.php\/tag\/falten-entfernen-gesicht\/\">Fu\u00dfr\u00fccken<\/a>, <a href=\"http:\/\/www.antiaging-laatzen.de\/index.php\/tag\/botulinumtoxin\/\">Kuperose<\/a>, <a href=\"http:\/\/www.antiaging-laatzen.de\/index.php\/tag\/botulinumtoxin\/\">Metabolic-Tuning<\/a>, <a href=\"http:\/\/www.antiaging-laatzen.de\/index.php\/tag\/botulinumtoxin\/\">Lasertherapie<\/a>, <a href=\"http:\/\/www.antiaging-laatzen.de\/index.php\/tag\/botulinumtoxin\/\">Mesotherapie<\/a>, <a href=\"http:\/\/www.antiaging-laatzen.de\/index.php\/tag\/botulinumtoxin\/\">Microneedling<\/a>, <a href=\"http:\/\/www.antiaging-laatzen.de\/index.php\/tag\/botulinumtoxin\/\">Radiesse\u00ae<\/a>, <a href=\"http:\/\/www.antiaging-laatzen.de\/index.php\/tag\/botulinumtoxin\/\">Orthomelekulare Medizin<\/a>, <a href=\"http:\/\/www.antiaging-laatzen.de\/index.php\/tag\/botulinumtoxin\/\">Hannover<\/a>, <a href=\"http:\/\/www.antiaging-laatzen.de\/index.php\/tag\/botulinumtoxin\/\">Laatzen<\/a>, <a href=\"http:\/\/www.antiaging-laatzen.de\/index.php\/tag\/falten-entfernen-gesicht\/\">Falten entfernen mit Laser<\/a>, <a href=\"http:\/\/www.antiaging-laatzen.de\/index.php\/tag\/falten-entfernen-gesicht\/\">Falten entfernen ohne OP<\/a>, <a href=\"http:\/\/www.antiaging-laatzen.de\/index.php\/tag\/falten-entfernen-gesicht\/\">Falten entfernen Kosten<\/a>, <a href=\"http:\/\/www.antiaging-laatzen.de\/index.php\/tag\/falten-entfernen-gesicht\/\">Falten entfernen mit Hyalurons\u00e4ure<\/a>, <a href=\"http:\/\/www.antiaging-laatzen.de\/index.php\/tag\/falten-entfernen-gesicht\/\">Falten entfernen<\/a>, <a href=\"http:\/\/www.antiaging-laatzen.de\/index.php\/tag\/botulinumtoxin\/\">Augenfalten entfernen<\/a>, <a href=\"http:\/\/www.antiaging-laatzen.de\/index.php\/tag\/botulinumtoxin\/\">Falten Dekollete entfernen<\/a>, <a href=\"http:\/\/www.antiaging-laatzen.de\/index.php\/tag\/botulinumtoxin\/\">Falten dauerhaft entfernen<\/a>, <a href=\"http:\/\/www.antiaging-laatzen.de\/index.php\/tag\/botulinumtoxin\/\">Falten entfernen Erfahrungen<\/a>, <a href=\"http:\/\/www.antiaging-laatzen.de\/index.php\/tag\/botulinumtoxin\/\">Falten entfernen Gesicht<\/a>, <a href=\"http:\/\/www.antiaging-laatzen.de\/index.php\/tag\/falten-entfernen-gesicht\/\">Peeling Gesicht<\/a>, <a href=\"http:\/\/www.antiaging-laatzen.de\/index.php\/tag\/falten-entfernen-gesicht\/\">Botox<\/a>, <a href=\"http:\/\/www.antiaging-laatzen.de\/index.php\/tag\/falten-entfernen-gesicht\/\">Hyaluron<\/a>, <a href=\"http:\/\/www.antiaging-laatzen.de\/index.php\/tag\/falten-entfernen-gesicht\/\">Sch\u00f6nheit Eingriff<\/a>, <a href=\"http:\/\/www.antiaging-laatzen.de\/index.php\/tag\/falten-entfernen-gesicht\/\">Sch\u00f6nheit erhalten<\/a>, <a href=\"http:\/\/www.antiaging-laatzen.de\/index.php\/tag\/falten-entfernen-gesicht\/\">Hautverj\u00fcngung<\/a>, <a href=\"http:\/\/www.antiaging-laatzen.de\/index.php\/tag\/falten-entfernen-gesicht\/\">Haut erneuern<\/a>, <a href=\"http:\/\/www.antiaging-laatzen.de\/index.php\/tag\/botulinumtoxin\/\">Hyaluron Behandlung<\/a>, <a href=\"http:\/\/www.antiaging-laatzen.de\/index.php\/tag\/botulinumtoxin\/\">Hyaluron Serum<\/a>, <a href=\"http:\/\/www.antiaging-laatzen.de\/index.php\/tag\/botulinumtoxin\/\">Botox Behandlung<\/a>, <a href=\"http:\/\/www.antiaging-laatzen.de\/index.php\/tag\/botulinumtoxin\/\">Botox selber<\/a>, <a href=\"http:\/\/www.antiaging-laatzen.de\/index.php\/tag\/botulinumtoxin\/\">Sch\u00f6nheits OP<\/a>, <a href=\"http:\/\/www.antiaging-laatzen.de\/index.php\/tag\/botulinumtoxin\/\">Sch\u00f6nheitsreparaturen<\/a>, <a href=\"http:\/\/www.antiaging-laatzen.de\/index.php\/tag\/botulinumtoxin\/\">Sch\u00f6nheitsoperation<\/a>, <a href=\"http:\/\/www.antiaging-laatzen.de\/index.php\/tag\/botulinumtoxin\/\">Vitamin A Sch\u00f6nheit<\/a>, <a href=\"http:\/\/www.antiaging-laatzen.de\/index.php\/tag\/falten-entfernen-gesicht\/\">Sch\u00f6nheitsklinik<\/a>, <a href=\"http:\/\/www.antiaging-laatzen.de\/index.php\/tag\/falten-entfernen-gesicht\/\">Vitamin B Sch\u00f6nheit<\/a>, <a href=\"http:\/\/www.antiaging-laatzen.de\/index.php\/tag\/falten-entfernen-gesicht\/\">Sch\u00f6nheit \u00c4sthetik<\/a>, <a href=\"http:\/\/www.antiaging-laatzen.de\/index.php\/tag\/falten-entfernen-gesicht\/\">Sch\u00f6nheit \u00c4sthetik Erfahrung<\/a>, <a href=\"http:\/\/www.antiaging-laatzen.de\/index.php\/tag\/falten-entfernen-gesicht\/\">Sch\u00f6nheit \u00c4rzte<\/a>, <a href=\"http:\/\/www.antiaging-laatzen.de\/index.php\/tag\/botulinumtoxin\/\">Sch\u00f6nheit \u00c4sthetik Philosophie<\/a>, <a href=\"http:\/\/www.antiaging-laatzen.de\/index.php\/tag\/botulinumtoxin\/\">Sch\u00f6nheit \u00c4rzte Hannover<\/a>, <a href=\"http:\/\/www.antiaging-laatzen.de\/index.php\/tag\/botulinumtoxin\/\">Sch\u00f6nheit Arzt Hannover<\/a><\/p>\n<p>[\/et_pb_text][\/et_pb_column][\/et_pb_row][\/et_pb_section][et_pb_section fb_built=&#8220;1&#8243; _builder_version=&#8220;4.16&#8243; background_color=&#8220;#a30770&#8243; custom_padding=&#8220;0|0px|0|0px|false|false&#8220; global_colors_info=&#8220;{}&#8220; global_module=&#8220;755&#8243; theme_builder_area=&#8220;post_content&#8220;][et_pb_row _builder_version=&#8220;4.16&#8243; background_size=&#8220;initial&#8220; background_position=&#8220;top_left&#8220; background_repeat=&#8220;repeat&#8220; global_colors_info=&#8220;{}&#8220; theme_builder_area=&#8220;post_content&#8220;][et_pb_column type=&#8220;4_4&#8243; _builder_version=&#8220;4.16&#8243; custom_padding=&#8220;|||&#8220; global_colors_info=&#8220;{}&#8220; custom_padding__hover=&#8220;|||&#8220; theme_builder_area=&#8220;post_content&#8220;][et_pb_text admin_label=&#8220;Copyright&#8220; _builder_version=&#8220;4.20.4&#8243; text_text_color=&#8220;#ffffff&#8220; text_letter_spacing=&#8220;3px&#8220; global_colors_info=&#8220;{}&#8220; theme_builder_area=&#8220;post_content&#8220;]<\/p>\n<p style=\"text-align: center;\"><span style=\"color: #ffffff;\">\u00a9 2023 \u2013 ANTIAGING LAATZEN &#8211; DR. GALINA BERCHT\u00a0 \u2013\u00a0 DESIGNED BY <a style=\"color: #ffffff;\" href=\"https:\/\/werbeagentur-popkendesign.de\/\" target=\"_blank\" rel=\"noopener\">POPKENDESIGN<\/a><\/span><\/p>\n<p>[\/et_pb_text][\/et_pb_column][\/et_pb_row][\/et_pb_section]<\/p>\n","protected":false},"excerpt":{"rendered":"<p>Mesotherapie \/\u00a0Microneedling oder Lasertherapie&nbsp; Nat\u00fcrliches Hautlifting f\u00fcr Gesicht und K\u00f6rper durch\u00a0Mesotherapie. &nbsp; Die sanfte Therapie wenn sich Ihre Haut ver\u00e4ndert hat. &nbsp; Hautverj\u00fcngung ohne Schmerz Tel: 05102 931 888Stichworte zu Anti-Aging und Sch\u00f6nheits-Medizin Faltenbehandlung, Zornesfalten, Stirnfalten, Peeling, Hyalurons\u00e4ure, Botulinumtoxin, Ohrl\u00e4ppchen, Nasenr\u00fccken, Fu\u00dfr\u00fccken, Kuperose, Metabolic-Tuning, Lasertherapie, Mesotherapie, Microneedling, Radiesse\u00ae, Orthomelekulare Medizin, Hannover, Laatzen, Falten entfernen mit [&hellip;]<\/p>\n","protected":false},"author":2,"featured_media":0,"parent":0,"menu_order":0,"comment_status":"closed","ping_status":"closed","template":"","meta":{"_et_pb_use_builder":"on","_et_pb_old_content":"","_et_gb_content_width":""},"aioseo_notices":[],"_links":{"self":[{"href":"https:\/\/www.antiaging-laatzen.de\/index.php\/wp-json\/wp\/v2\/pages\/90"}],"collection":[{"href":"https:\/\/www.antiaging-laatzen.de\/index.php\/wp-json\/wp\/v2\/pages"}],"about":[{"href":"https:\/\/www.antiaging-laatzen.de\/index.php\/wp-json\/wp\/v2\/types\/page"}],"author":[{"embeddable":true,"href":"https:\/\/www.antiaging-laatzen.de\/index.php\/wp-json\/wp\/v2\/users\/2"}],"replies":[{"embeddable":true,"href":"https:\/\/www.antiaging-laatzen.de\/index.php\/wp-json\/wp\/v2\/comments?post=90"}],"version-history":[{"count":14,"href":"https:\/\/www.antiaging-laatzen.de\/index.php\/wp-json\/wp\/v2\/pages\/90\/revisions"}],"predecessor-version":[{"id":763,"href":"https:\/\/www.antiaging-laatzen.de\/index.php\/wp-json\/wp\/v2\/pages\/90\/revisions\/763"}],"wp:attachment":[{"href":"https:\/\/www.antiaging-laatzen.de\/index.php\/wp-json\/wp\/v2\/media?parent=90"}],"curies":[{"name":"wp","href":"https:\/\/api.w.org\/{rel}","templated":true}]}}